t the prime factors of s.
5, 7
List the prime factors of 13023 + -14 + (-112)/(-8).
3, 1447
Let z be ((-168)/(5 - 3))/(-2). Let h = z + -27. List the prime factors of h.
3, 5
Let x(r) = 13*r**2 + 80*r - 93. What are the prime factors of x(-42)?
3, 43, 151
Suppose 371900 = 51*i - 573598 + 184578. List the prime factors of i.
2, 5, 373
Let d be 4*26/(-6)*(2 + -5). Let u = d - 55. What are the prime factors of u/(-9) + (-205)/(-15)?
2, 7
Suppose 0 = 6*i - i - 3*n - 30, -4*i + 2*n + 24 = 0. Suppose -213 - 63 = -i*b. List the prime factors of b.
2, 23
Suppose 10*z - 9*z - 234 = 0. Suppose -4*h + z = -5*h. What are the prime factors of h/(-5) - (-10)/50?
47
Let g = -8797 - -15924. List the prime factors of g.
7127
Let m(p) = 2*p + 47. Let c be m(-22). Suppose c*k - 2*d + 80 = -41, -5*k + 2*d = 203. Let f = k - -51. List the prime factors of f.
2, 5
Let x(q) be the second derivative of -q**4/12 - q**3/3 - q**2 + 5*q. Let t be x(-1). List the prime factors of (-3 - 48)/(4/(8/t)).
2, 3, 17
Let x = -153 - -238. Let s = x - 56. List the prime factors of s.
29
Let b(c) = 1084*c**2 - 69*c - 599. List the prime factors of b(-9).
2, 43913
Let x = 79 + -75. Let d be (x/3 - 1) + (-18)/(-27). Let j(h) = 89*h - 2. What are the prime factors of j(d)?
3, 29
Suppose -320 = 51*t - 41*t. Let a(x) = -145*x + 1. Let r be a(-1). Let w = r + t. What are the prime factors of w?
2, 3, 19
Let p(v) = v**2 - 4*v - 10. Let l be p(6). Suppose 2*w = -5*x + 6 + 15, -w = l*x - 8. What are the prime factors of (-3*w/18)/((-3)/(-1881))?
11, 19
Suppose -842 = -6*h - 218. Suppose 0 = 3*d + 15, -2*t + h = t - d. What are the prime factors of t?
3, 11
What are the prime factors of 29/(609/(-6)) - 1351572/(-42)?
2, 5, 1609
Let o(d) = 122*d + d**2 - 4*d**2 - 110*d + 0*d**2 + 4*d**2 + 18. List the prime factors of o(-25).
7
Suppose -58 = -2*g - 60. Let m(f) = 532*f**2 - 2*f - 3. What are the prime factors of m(g)?
3, 59
Suppose 21*l - 188995 = -8290. List the prime factors of l.
5, 1721
Suppose k = -1126*b + 1125*b + 11716, -3*k + 2*b = -35153. What are the prime factors of k?
11717
List the prime factors of 170/30*714 - -6.
2, 1013
Let h be -3*(-4)/(-21) + (-18)/(-7). Let j(w) = -12 + 7*w - 6*w - 5*w**h - 5*w - w**3. What are the prime factors of j(-7)?
2, 3, 19
Let r(j) = j**3 - 9*j**2 - 19*j - 114. Let f be r(22). Suppose -4*l + 2*z + f = 0, 5*l + 20*z = 16*z + 7187. List the prime factors of l.
1439
What are the prime factors of 18/27 + (-133806)/(-9)?
2, 3, 7, 59
Suppose -3 + 1 = -m + 2*t, -m = 5*t + 5. Suppose -49*b - 26516 + 94479 = m. What are the prime factors of b?
19, 73
Let m be 3*6/(18/93). Suppose 217 = u - m. List the prime factors of u.
2, 5, 31
List the prime factors of 99*(14960/72 + ((-329)/(-63) - 5)).
2, 3, 11, 13
Suppose -5*a - 48770 = -5*t, 5*t + 14*a = 9*a + 48780. List the prime factors of t.
5, 1951
Suppose 5*g + j = 391203, -31*j = -6*g - 26*j + 469487. What are the prime factors of g?
2, 19, 29, 71
Let k be 3*(-4 - 0 - -5). Let a(t) = -4*t**2 - 3 + 6*t**2 + k + 2 - 5*t. List the prime factors of a(-5).
7, 11
Suppose -20*o = -29*o + 10017. Suppose 2*g + 4*n - 1662 = 0, 1407 = 3*g - 3*n - o. What are the prime factors of g?
3, 31
Let c = -13 + 27. Suppose -v = 4*r - 7*r, -3*v - 5*r + c = 0. Suppose -v*y = -4*f - 245, -292 = -5*y - 5*f + 58. What are the prime factors of y?
3, 5
Let w = -27648 - -46486. List the prime factors of w.
2, 9419
Let b = 49 - 47. Suppose -w + z = -4*z + 22, 0 = z - b. What are the prime factors of (-93)/w + 3/12?
2
Let x(i) = -i + 143. Let m = 330 - 307. List the prime factors of x(m).
2, 3, 5
Let z(l) = -4*l + 85. Let r be z(19). Suppose -4*g - 920 = -4*y, 4*y - 912 = 5*g - r*g. List the prime factors of y.
229
Suppose 19 = 5*i - 1. Suppose i*w + 2700 = 16*w. Let j = -95 + w. List the prime factors of j.
2, 5, 13
Let a(c) = c**3 + 6*c**2 - 6*c + 9. Suppose 0 = -2*g, u + 7 = -0*g - 2*g. Let f be a(u). List the prime factors of ((-8)/f + 1)*-37.
3, 37
Let c = 115 + -655. Let q = 1443 + c. Suppose -4*s + 11*s - q = 0. What are the prime factors of s?
3, 43
Let b = 358 - 348. Suppose -b*k + 11*k = -2*n + 383, 5*n - 1517 = -4*k. List the prime factors of k.
373
Suppose 0 = 4*h, -4*b + 5*h = 9*h - 149268. List the prime factors of b.
3, 7, 1777
Let f be 3/2 + 2/4. Let g(t) = t**2 + t - 1. Let s(l) = -6*l**3 - 3*l**2 - 5*l + 4. Let j(o) = -3*g(o) - s(o). List the prime factors of j(f).
3, 17
Let r(b) = 3*b**3 + 5*b**2 + 3*b - 8. Let m be r(-4). List the prime factors of (8 + m/8)*(-1 + -31).
2, 17
Suppose 2*s - 136 = -20. Suppose -3*h = 5*t - 55, -2*h - 5*t - 35 = -5*h. Let m = h + s. List the prime factors of m.
73
Let o(p) be the first derivative of -2 - 20*p - 9/2*p**2. What are the prime factors of o(-6)?
2, 17
Let s(c) = 41*c**2 + 8*c + 21. List the prime factors of s(12).
3, 223
Let a = -14779 + 29487. What are the prime factors of a?
2, 3677
Suppose -y = 5*k - 3118, -k - 8 = -14. List the prime factors of y.
2, 193
Let i be (-22 + 17)*-31*1. Suppose 0 = 160*g - i*g - 650. List the prime factors of g.
2, 5, 13
Let l(m) be the second derivative of 29/6*m**3 + 2*m**2 + 8*m + 0. What are the prime factors of l(5)?
149
Let m = 204 - 198. Suppose 2*o - 2*g = -m*g + 88, -4*o = g - 204. List the prime factors of o.
2, 13
Let s(g) = -2*g**2 - 30*g - 30. Let l be s(-14). List the prime factors of (-7*1 - l)*4148/(-170).
2, 61
Suppose 60*a + 165 = 45*a. List the prime factors of (a - (5 + -8)) + 917.
3, 101
Suppose -15 = -14*t + 13. Suppose 0 = 4*g + 20, t*d + 9 = -g + 4. Suppose -18*p + 12*p + 846 = d. List the prime factors of p.
3, 47
Suppose 21 + 37 = 3*l - 2*p, 26 = 2*l + 5*p. Suppose 3*u + l*u = 25095. What are the prime factors of u?
5, 239
Suppose -3*u + 604 + 533 = 0. Let t be (-4)/(-2)*(-10143)/(-126). Suppose -10*h + t = -u. What are the prime factors of h?
2, 3
Let j(q) = 331*q + 1392. What are the prime factors of j(51)?
3, 6091
Suppose 0 = -5*g + 4*t + 15, -3*g + 5*t = -5*g + 6. Suppose g*x - 3*c = -x + 1015, 0 = 5*x + 4*c - 1261. What are the prime factors of x?
11, 23
Let u = 1167 + 605. Suppose 57*l - 61*l = -u. List the prime factors of l.
443
Let b = 1191 - -2527. What are the prime factors of b?
2, 11, 13
Suppose 5*p + 9526 = 2*f - 6348, 0 = -2*p + 4. List the prime factors of f.
2, 11, 19
Let l(g) = 5342*g**2 - 14*g + 13. List the prime factors of l(1).
7, 109
Let c be 6/7*(-63)/(-18). Suppose 2*n - 7 = c. Suppose 162 = n*j - 448. List the prime factors of j.
2, 61
Let q(x) = 475*x**2 + 3399*x - 16. What are the prime factors of q(-10)?
2, 3, 13, 173
Let g = 28 - 47. Let x = g + 14. List the prime factors of 6 + x + 27*1.
2, 7
Suppose -4*u - 5 = d - 0*u, 5*d = 2*u - 3. Let c be -3 - 0 - (25 - 0)*d. Suppose 3*z - 5*z + c = 0. List the prime factors of z.
11
Suppose 0 = -2*y + 10 + 8. Suppose -10*f + y*f = -4. Suppose 2*g = -3*h + 433, 290 = 2*h - 3*g + f*g. What are the prime factors of h?
3, 7
Suppose -350 = 8*x - 374. Suppose -5*i - 4005 = -5*n, 1587 = -n + x*n - 5*i. List the prime factors of n.
2, 13, 31
Let s(c) = 18*c - 40. Let h be s(14). Let j = h + -121. List the prime factors of j.
7, 13
Suppose -16*n - 19840 = -48*n. Suppose -8*z + 4476 = -n. What are the prime factors of z?
7, 13
Let j(f) = -6*f - 69. Let q be j(-12). Suppose -83 + q = -16*l. Let v(y) = 28*y + 3. What are the prime factors of v(l)?
11, 13
Suppose 0 = -3*c + 4*x - 22, -2*c - 2*c + x = 25. List the prime factors of (180/(-50) - c)/(2/215).
2, 3, 43
Suppose 2*b + 6 = -0*k + 4*k, 4*k = -5*b + 27. Suppose 0 = k*s + m - 1210 - 9, -4*m - 822 = -2*s. Let v = s - 239. What are the prime factors of v?
2, 3, 7
Let x(b) = -19*b**2 - 5*b - 9 - b**2 + 21*b**2. Let v be x(0). List the prime factors of 1050/v*(-36)/14.
2, 3, 5
Suppose -3*n + 5*n - 2 = -2*u, -5*n = -15. Let d(g) = -47*g + 194. Let b be d(30). List the prime factors of b/(-24) + u/3.
2, 5
Let l(u) = 20*u**2 - 9*u - 12. Let v be l(-3). Suppose -2*d + 233 + v = 0. List the prime factors of d.
2, 107
Suppose 0 = 5*k - 2*g - 29749, -73*k = -76*k + 5*g + 17838. List the prime factors of k.
11, 541
Suppose -34*z + 32*z = -16. Suppose 3*k = z*k + 5*a - 3150, 0 = -2*k - 5*a + 1248. List the prime factors of k.
2, 317
Let s(k) = -530*k - k**3 + 261*k - 18 + 288*k + 15*k**2. What are the prime factors of s